rs of 175996?
2, 23, 1913
What are the prime factors of 717966?
2, 3, 39887
What are the prime factors of 11710986?
2, 3, 7, 53, 5261
What are the prime factors of 128570?
2, 5, 13, 23, 43
List the prime factors of 82206.
2, 3, 4567
List the prime factors of 2595687.
3, 293, 2953
List the prime factors of 859712.
2, 7, 19, 101
What are the prime factors of 2177206?
2, 1088603
What are the prime factors of 667347?
3, 181, 1229
What are the prime factors of 233110?
2, 5, 23311
List the prime factors of 876314.
2, 83, 5279
What are the prime factors of 1920220?
2, 5, 67, 1433
What are the prime factors of 40437?
3, 4493
What are the prime factors of 280976?
2, 17, 1033
What are the prime factors of 2527171?
19, 23, 5783
What are the prime factors of 508944?
2, 3, 23, 461
What are the prime factors of 5312464?
2, 547, 607
What are the prime factors of 6439443?
3, 37, 58013
List the prime factors of 3527401.
239, 14759
List the prime factors of 2923214.
2, 7, 59, 3539
What are the prime factors of 447278?
2, 13, 17203
What are the prime factors of 97124?
2, 24281
List the prime factors of 3151808.
2, 11, 37
What are the prime factors of 258642?
2, 3, 14369
What are the prime factors of 8197868?
2, 7, 37, 41, 193
List the prime factors of 947108.
2, 97, 2441
What are the prime factors of 10247081?
13, 31, 47, 541
List the prime factors of 1150910.
2, 5, 71, 1621
List the prime factors of 1625352.
2, 3, 67723
List the prime factors of 3849653.
3849653
What are the prime factors of 27930373?
27930373
What are the prime factors of 5301300?
2, 3, 5, 41, 431
What are the prime factors of 2504261?
2504261
What are the prime factors of 1028396?
2, 257099
What are the prime factors of 1590291?
3, 176699
List the prime factors of 218507.
353, 619
What are the prime factors of 7600113?
3, 844457
What are the prime factors of 10774123?
43, 5827
List the prime factors of 41401490.
2, 5, 13, 318473
List the prime factors of 135760.
2, 5, 1697
List the prime factors of 5064606.
2, 3, 17, 613
List the prime factors of 1250356.
2, 312589
What are the prime factors of 9063346?
2, 17, 31, 8599
List the prime factors of 2277343.
2277343
List the prime factors of 587490.
2, 3, 5, 19583
What are the prime factors of 1082133?
3, 13, 3083
What are the prime factors of 464294?
2, 269, 863
List the prime factors of 20694405.
3, 5, 73, 18899
What are the prime factors of 3369468?
2, 3, 17, 83, 199
List the prime factors of 1999875.
3, 5, 5333
List the prime factors of 1781623.
59, 30197
List the prime factors of 57199.
47, 1217
List the prime factors of 1156730.
2, 5, 131, 883
What are the prime factors of 184196?
2, 46049
List the prime factors of 10698988.
2, 127, 21061
What are the prime factors of 414187?
239, 1733
What are the prime factors of 7441251?
3, 2480417
List the prime factors of 4907865.
3, 5, 37, 239
List the prime factors of 5235654.
2, 3, 872609
List the prime factors of 8905596.
2, 3, 7, 106019
List the prime factors of 7355062.
2, 11, 13, 25717
What are the prime factors of 569117?
569117
What are the prime factors of 1748941?
1748941
What are the prime factors of 175799?
13, 13523
List the prime factors of 378279.
3, 11, 3821
List the prime factors of 127856.
2, 61, 131
List the prime factors of 337000.
2, 5, 337
What are the prime factors of 3465285?
3, 5, 231019
What are the prime factors of 1575346?
2, 47, 16759
What are the prime factors of 3465476?
2, 7, 17681
List the prime factors of 1789615.
5, 359, 997
What are the prime factors of 1508610?
2, 3, 5, 50287
What are the prime factors of 6754608?
2, 3, 7, 6701
List the prime factors of 952536.
2, 3, 13, 43, 71
What are the prime factors of 347702?
2, 173851
What are the prime factors of 1604932?
2, 7, 31, 43
What are the prime factors of 3418010?
2, 5, 139, 2459
What are the prime factors of 437843?
7, 62549
List the prime factors of 219230.
2, 5, 11, 1993
List the prime factors of 6549730.
2, 5, 11, 5413
List the prime factors of 6280792.
2, 7, 19, 5903
List the prime factors of 124469.
19, 6551
List the prime factors of 1426364.
2, 356591
List the prime factors of 855979.
83, 10313
What are the prime factors of 2162813?
2162813
What are the prime factors of 19311445?
5, 3862289
List the prime factors of 801096.
2, 3, 29, 1151
List the prime factors of 2110206.
2, 3, 7, 47, 1069
List the prime factors of 13136010.
2, 3, 5, 437867
What are the prime factors of 8164958?
2, 4082479
List the prime factors of 830779.
59, 14081
List the prime factors of 4318965.
3, 5, 7, 13711
List the prime factors of 351700.
2, 5, 3517
List the prime factors of 13428464.
2, 7, 47, 2551
List the prime factors of 657452.
2, 164363
What are the prime factors of 433579?
29, 14951
List the prime factors of 1397371.
43, 32497
What are the prime factors of 133707?
3, 7, 6367
What are the prime factors of 74514?
2, 3, 11, 1129
List the prime factors of 50951.
50951
What are the prime factors of 7634640?
2, 3, 5, 13, 2447
What are the prime factors of 380914?
2, 73, 2609
What are the prime factors of 616329?
3, 7, 1087
List the prime factors of 17071.
43, 397
List the prime factors of 12859434.
2, 3, 7, 102059
List the prime factors of 7275022.
2, 1051, 3461
List the prime factors of 236299.
7, 33757
List the prime factors of 4667277.
3, 1555759
List the prime factors of 470183.
7, 67169
List the prime factors of 811476.
2, 3, 22541
List the prime factors of 1037848.
2, 7, 43, 431
List the prime factors of 1572913.
103, 15271
What are the prime factors of 2434005?
3, 5, 7, 7727
List the prime factors of 9078740.
2, 5, 11, 29, 1423
List the prime factors of 6819668.
2, 953, 1789
What are the prime factors of 793318?
2, 79, 5021
What are the prime factors of 13642806?
2, 3, 17, 59, 2267
List the prime factors of 58214.
2, 13, 2239
List the prime factors of 2047830.
2, 3, 5, 68261
What are the prime factors of 186716?
2, 46679
What are the prime factors of 200144?
2, 7, 1787
List the prime factors of 326556.
2, 3, 47, 193
What are the prime factors of 14559349?
7, 617, 3371
What are the prime factors of 7921021?
7921021
What are the prime factors of 12188072?
2, 13, 117193
List the prime factors of 1880541.
3, 13, 16073
List the prime factors of 1517725.
5, 11, 5519
List the prime factors of 7421505.
3, 5, 7, 13, 5437
List the prime factors of 81932.
2, 20483
What are the prime factors of 1004332?
2, 7, 35869
What are the prime factors of 6038360?
2, 5, 150959
List the prime factors of 34204.
2, 17, 503
What are the prime factors of 884240?
2, 5, 7, 1579
What are the prime factors of 12390311?
12390311
List the prime factors of 3768836.
2, 47, 20047
List the prime factors of 72064.
2, 563
List the prime factors of 761522.
2, 67, 5683
What are the prime factors of 150728?
2, 83, 227
What are the prime factors of 56884?
2, 14221
What are the prime factors of 276920?
2, 5, 7, 23, 43
What are the prime factors of 5486792?
2, 685849
What are the prime factors of 876196?
2, 53, 4133
List the prime factors of 134491.
7, 19213
List the prime factors of 126075.
3, 5, 41
List the prime factors of 689814.
2, 3, 19, 2017
List the prime factors of 1480469.
41, 36109
List the prime factors of 3101536.
2, 103, 941
What are the prime factors of 2305660?
2, 5, 7, 43, 383
List the prime factors of 19382396.
2, 11, 440509
What are the prime factors of 1947158?
2, 19, 51241
List the prime factors of 7657.
13, 19, 31
What are the prime factors of 296355?
3, 5, 23, 859
List the prime factors of 133599.
3, 44533
List the prime factors of 453007.
613, 739
What are the prime factors of 3832667?
17, 131, 1721
List the prime factors of 1421800.
2, 5, 7109
What are the prime factors of 6192157?
19, 31, 10513
List the prime factors of 215377.
37, 5821
What are the prime factors of 2466674?
2, 7, 176191
What are the prime factors of 9109880?
2, 5, 13, 17519
What are the prime factors of 1623040?
2, 5, 317
List the prime factors of 7426647.
3, 277, 331
List the prime factors of 2739010.
2, 5, 273901
What are the prime factors of 123737?
123737
What are the prime factors of 3671147?
3671147
List the prime factors of 2036430.
2, 3, 5, 11, 17
List the prime factors of 366989.
7, 103, 509
What are the prime factors of 391332?
2, 3, 32611
List the prime factor